0*q. Suppose 0 = -0*t + 2*t. Give a(t).
12
Suppose -5*h = -m + 36, -154*h + 158*h + m + 18 = 0. Let o(f) = -2*f**2 - 25*f - 69. Give o(h).
9
Let v be (-324)/(-72)*(1 + 3/(-9)). Let c(x) = -5*x**3 - 2*x**2 - 1. Let q(h) = 11*h**3 + 5*h**2 - h + 3. Let i(y) = -9*c(y) - 4*q(y). Determine i(v).
18
Let h(d) = 116*d + 6. Let g = 4102 - 4102. Give h(g).
6
Let c(q) be the first derivative of -17*q**4/4 + q**3 + q**2 + 2364. Calculate c(-1).
18
Let d(a) = a**3 + 4*a**2 + 2*a + 5. Let r be (3/(-2))/((-12)/(-32)). Let s = 90 - 92. Let j be ((-78)/12 - -2) + s/r. Give d(j).
-3
Suppose -3*r = 5*t - 241, 4*r = -11 - 1. Suppose 3*z + t = -2*z. Let g(v) be the first derivative of v**3/3 + 11*v**2/2 + 12*v - 3877. What is g(z)?
2
Let i(w) = -56*w - 30*w + 21*w + 33*w**2 + w**3 + 33 + 16*w - 20*w. Calculate i(-35).
-2
Let y(b) = b**3. Let p be y(-1). Let h(o) = -86*o + 17. Let v(s) = 59*s - 13. Let f(q) = -3*h(q) - 4*v(q). Give f(p).
-21
Let b(m) be the second derivative of -m**4/12 + 3*m**3/2 + 22*m**2 - m - 1639. Determine b(14).
-26
Let o be 20*-2*((-1)/(-20))/(52/260). Let r(d) = d**2 - d + 1. Let z(v) = 5*v**2 - 15*v + 9. Let k(t) = -6*r(t) + z(t). Give k(o).
-7
Let j(s) be the first derivative of 5*s**3 + 4*s**2 + 3*s + 1394. Determine j(-1).
10
Let d = 23477 - 23480. Let u(o) = 6*o + 25. What is u(d)?
7
Suppose 7*t = 51 - 51. Suppose -9*j + 11*j + 2*b - 14 = t, -b - 17 = -3*j. Let w(y) = -y**2 + 3*y + 8. Determine w(j).
-10
Let m(k) = k**2 + 2*k - 62. Let s(b) = b**2 + b + 12. Let u(x) = m(x) + s(x). Give u(4).
-6
Let z(n) = -15*n**3 + 10*n**2 - 46*n - 5. Let f(y) = -13*y**3 + 11*y**2 - 49*y - 3. Let q(v) = -7*f(v) + 6*z(v). What is q(6)?
-3
Let m(g) = 35*g**2 + 119*g**3 - 87 - 56*g - 58*g**3 - 62*g**3 + 132*g. Determine m(37).
-13
Let s(x) = 247 + 5785*x**2 - 5787*x**2 - 237 - x. Give s(5).
-45
Let p(k) = 4*k + 49. Suppose 10*r = -18*r + 67 - 459. Give p(r).
-7
Let v(x) = x. Let z(a) = 23*a - 31. Let n be z(17). Suppose 7*y - n = -5*y. Let l(o) = 42*o. Let c(k) = y*v(k) - l(k). What is c(-1)?
12
Let t = -9 + 4. Let m(a) = 22 + 20 - 18 - 20 - 18 - a. Determine m(t).
-9
Let o(s) = -5*s**3 + 342*s**2 + 15 + 65*s - 125*s**2 - 148*s**2. Let i(b) = b**3 - 17*b**2 - 16*b - 4. Let v(a) = 9*i(a) + 2*o(a). Give v(-14).
-6
Let p(j) = -2*j - 2. Let a be 2 + -6 + (20 - 8). Let t be ((-252)/56)/(6/a). Calculate p(t).
10
Let p = 46 - 11. Let t(k) = -35 + 8*k**2 + p - k. Let o = 2 + -1. Give t(o).
7
Let z be (-85)/(-17) - (-2 + -5). Suppose 0*i + 2 = -i, -i - z = -5*h. Let a(m) = 2*m + m - 6*m + 2. What is a(h)?
-4
Let q(j) = -10*j**2 + 60*j - 29*j + 2 - 29*j. Give q(-1).
-10
Let i(h) = h - 35. Suppose -2*y = k + 16 - 21, -2*y + 49 = 5*k. Determine i(k).
-24
Let m(q) = -3*q - 34. Let w(g) = -g - 11. Let s(a) = -2*m(a) + 7*w(a). Let y = -14807 + 14795. What is s(y)?
3
Let m be (35 - 34)/((-2)/(-4)). Let i(l) = 201*l - 197*l - 8*l**3 - 4 - 6*l**m + 9*l**3. Give i(4).
-20
Let m(j) be the first derivative of -j**4/4 + 2*j**3 - 5*j**2 + 8*j - 405. What is m(5)?
-17
Let g(o) be the third derivative of -o**5/60 + o**4/12 + o**3/2 - o**2 - 22. Suppose 12*a + 6 - 6 = 0. Calculate g(a).
3
Let p(d) = -d**2 + 4*d - 5. Let o be 142/24 + (-25)/(-300). What is p(o)?
-17
Let g(x) = -33*x**2 - 1. Let m(o) = 65*o**2 + 15*o + 10. Let w(f) = 2*g(f) + m(f). Determine w(15).
8
Let f(i) = -41*i + 3. Let c(d) = -171*d + 13. Let v(x) = 6*c(x) - 25*f(x). Suppose -6*y - 14 = -50. Suppose y*b + 6 = 4*b. Calculate v(b).
6
Let l(q) = 5*q - 19. Suppose -8 = -3*r - 18*f + 19*f, 3*f - 28 = -4*r. Calculate l(r).
1
Suppose -5*f - 395 = -1040. Let o = f + -126. Let c(s) be the third derivative of -5*s**4/24 + 2*s**3/3 + s**2. Calculate c(o).
-11
Let y(t) = 131*t - 27. Let h(s) = -240*s + 55. Let u(o) = -6*h(o) - 11*y(o). Determine u(-27).
-6
Let a(z) = 7 - 10 + 6 + 3*z - z**2. Let h be a(2). Let n(i) = h - 2 - 8*i + i**2 - 1. Calculate n(6).
-10
Let x(u) be the first derivative of -u**4/4 - 12*u**3 - 50*u**2 - 38*u + 269. Determine x(-33).
-5
Let u(t) = 3*t + 13*t**3 + 11*t**3 + 8 + 11*t**3 - 34*t**3 + 5*t**2 + 17. Give u(-5).
10
Let n(s) be the first derivative of -s**6/60 + s**5/30 + s**4/6 - s**3/2 - 3*s**2 - 2*s - 79. Let b(o) be the second derivative of n(o). Give b(3).
-27
Let i(b) = 4*b - 3*b - 6 + 3. Let q = -218 - -211. Determine i(q).
-10
Let b(x) = -x + 11. Let o be b(11). Let p(m) = -2*m + 8. Let k be p(o). Let h(n) be the first derivative of n**2/2 - 4*n - 104. Determine h(k).
4
Let f(d) = -5*d + 8. Suppose 831*y = 864*y - 330. Determine f(y).
-42
Suppose t + 380 = 5*h + 2*t, t - 155 = -2*h. Suppose -76*p + 13 = -h*p. Let f(u) = -u**3 + 12*u**2 + 11*u + 15. Determine f(p).
-11
Let s(c) = c**2 - 4*c - 1. Let b be ((-110)/(-35) + -4)*14. Let v = b + 15. Suppose v*r + 4*u = 2, 3*r = u - 1 + 8. Give s(r).
-5
Let y(a) be the second derivative of -a**5/60 - 3*a**4/4 - 13*a**3/6 - 5*a**2 + 2*a + 91. Let s(n) be the first derivative of y(n). Determine s(-17).
4
Let o be 6/42*0 - 0. Suppose -4*h + 5*f = 24, o = -18*f + 13*f. Let q(g) = g**3 + 7*g**2 + 5*g + 7. Determine q(h).
13
Let p = 341 - 341. Suppose p = 6*k + 188 - 152. Let f(m) = -m**3 - 6*m**2 - 3*m - 9. Determine f(k).
9
Let k(y) = y**3 - y**2 - 8. Suppose -3*a = -4*v, 0 = -3*a + 4*v - 8*v. Determine k(a).
-8
Let x(y) = -y**3 + 6*y**2 - 6*y + 5. Let w be x(5). Suppose w = -15*k + 26*k - 22. Let m(v) = -10*v**2 + 2*v + 1. What is m(k)?
-35
Let p(z) be the second derivative of -z**5/20 + 11*z**4/6 + 7*z**3/2 + 45*z**2/2 + 3*z - 126. What is p(23)?
-1
Let a(d) = -6*d**2 - 16*d. Suppose 76*c - 15 + 153 = 30*c. Calculate a(c).
-6
Let n(f) = 0*f**2 - 34*f - 10*f**3 - 17*f**2 + 7*f**3 + 13*f + 4*f**3 + 28. Determine n(18).
-26
Let b(x) be the second derivative of x**5/20 + 11*x**4/12 + 5*x**3/3 + x**2 - x. Let u = 121 - -97. Let t = -228 + u. What is b(t)?
2
Let o(t) = -2*t - 25. Let f(d) = 75*d - 914. Let j be f(12). Determine o(j).
3
Let t(b) be the first derivative of 5 + 1/12*b**4 - 1/3*b**3 + 7*b**2 - 1/15*b**5 + 0*b + 1/120*b**6. Let o(q) be the second derivative of t(q). What is o(3)?
-5
Suppose 0 = 4*g + 156 - 1068. Let a = -220 + g. Let y(i) = i**3 - 8*i**2 - i + 3. What is y(a)?
-5
Let x(h) be the second derivative of h**4/6 + 8*h**3/3 - 25*h**2/2 - 3*h - 1019. Give x(-8).
-25
Let s(w) = -3*w + 25. Let f = 7390 + -7375. Calculate s(f).
-20
Let l(g) = -g + 4. Suppose -15*s = -13*s - 4. Suppose -4*w - w - 45 = -4*f, 0 = -s*w - 10. Calculate l(f).
-1
Let f(o) = 2*o + 15. Suppose n - 117*l + 109*l = -72, 24 = -5*n - 2*l. Give f(n).
-1
Let d(g) = -3*g**2 - 16*g - 4. Let k be d(-5). Let h(m) = 46*m**2 + 3*m - 1. What is h(k)?
48
Suppose 0 = -5*a - 12*a + 68. Suppose 2*b + 2*b - 42 = 2*d, -a*d + 46 = 5*b. Let j(s) = 10*s - 2*s**2 - 10 - s**2 + 2*s**2. Calculate j(b).
-10
Let t(u) = -u**2 - 1. Let z(w) = -8*w**2 + w - 2. Let q(d) = 6*t(d) - z(d). Suppose -7*p + 9*p = 0. Suppose p = -n - 2 - 1. What is q(n)?
17
Let x(t) = t**3 - 26. Suppose 295*l = 300*l - 3*p + 12, 3*p - 12 = -3*l. Calculate x(l).
-26
Suppose u = -2*l + 16, 3*l - 5 = 2*u - 2. Let b(k) = 4*k - 15. Let d be b(u). Let s(x) = -d + 17*x**2 - 6*x - 16*x**2 - 1. Calculate s(7).
-3
Let q = 5526 - 5520. Let s(p) = 4*p - 11. Determine s(q).
13
Let n(w) = w - 2. Suppose 0*b - 128 = 4*b. Let q = b - -34. Suppose -q*x = -0*x - 14. What is n(x)?
5
Let j(q) = 13*q + q**2 + 0*q**2 - 24 + 28. Let t(p) = p - 1. Let o(b) = j(b) - 4*t(b). Determine o(-9).
8
Let i(l) = 13*l + l**2 + 22 + 7*l + 8*l**3 - 21*l + 9*l**3 - 16*l**3. Give i(-3).
7
Let c(w) be the first derivative of -w**2 - 12*w + 867. Determine c(-9).
6
Suppose 0 = -18*l + 3*l. Let j(w) be the second derivative of 1/3*w**3 + l - 1/2*w**2 + 1/6*w**4 - 28*w. What is j(1)?
3
Suppose -2*s + 10 = -b, 30*s + 2*b - 16 = 28*s. Let z(x) = -8*x + 45. Give z(s).
-3
Let g be ((-20)/3)/(((-1664)/(-78))/(-32)). Let q(o) = o**3 - 11*o**2 + 10*o + 2. Calculate q(g).
2
Let j(x) = -25275 + 25278 + 2*x - x. Calculate j(1).
4
Let u(w) = 2*w**2 - 1. Let h be u(-1). Suppose -4*j - h + 25 = 0. Let r(p) be the third derivative of -p**5/60 + p**4/3 - p**3/3 - 1432*p**2. What is r(j)?
10
Let b(y) = -48*y**3 - 9*y**2 + 9*y + 57*y**3 - 2 - 8*y**3. Give b(8).
6
Let r(i) = 6*i + 2*i + 8 + 7*i**2 - 9*i - i**3. Let y be 1 + (-3)/(-3) + 5. Give r(y).
1
Let x(r) = -r 